{"id":5106,"date":"2024-12-18T01:19:58","date_gmt":"2024-12-18T00:19:58","guid":{"rendered":"https:\/\/www.au-palais-sucre.com\/?post_type=product&#038;p=5106"},"modified":"2025-07-23T16:14:15","modified_gmt":"2025-07-23T14:14:15","slug":"hersheys-choco-tubes-chocolat-blanc-fruits-rouges-usa","status":"publish","type":"product","link":"https:\/\/www.au-palais-sucre.com\/index.php\/produit\/hersheys-choco-tubes-chocolat-blanc-fruits-rouges-usa\/","title":{"rendered":"Hershey&rsquo;s Choco Tubes chocolat blanc fruits rouges. USA"},"content":{"rendered":"<h1>Hershey&rsquo;s Choco Tubes chocolat blanc fruits rouges. USA<\/h1>\n<p>D\u00e9couvrez \u00ab\u00a0Hershey&rsquo;s Choco Tubes Chocolat Blanc Fruits Rouges\u00a0\u00bb, une alliance parfaite de chocolat blanc cr\u00e9meux et de fruits rouges savoureux. Fabriqu\u00e9 aux USA avec des ingr\u00e9dients de qualit\u00e9 sup\u00e9rieure, ce d\u00e9lice gourmand offre une exp\u00e9rience gustative unique et irr\u00e9sistible. Pl\u00e9biscit\u00e9 par les amateurs de chocolat du monde entier, ce succ\u00e8s iconique incarne l\u2019excellence et l\u2019innovation Hershey&rsquo;s. Id\u00e9al pour vos pauses sucr\u00e9es ou pour partager des moments de plaisir. Offrez-vous la perfection chocolat\u00e9e : commandez d\u00e8s aujourd\u2019hui !<\/p>\n<p><strong>Tous nos produits b\u00e9n\u00e9ficient d\u2019une DDM de plusieurs mois.<\/strong><br \/>\n<strong>DDM = Date de Durabilit\u00e9 Minimale, anciennement DLUO.<\/strong><\/p>\n<h3>Ingr\u00e9dients de Hershey&rsquo;s Choco Tubes chocolat blanc fruits rouges.<\/h3>\n<p>sucre, graisse v\u00e9g\u00e9tale, poudre de perm\u00e9ate de <strong>lactos\u00e9rum<\/strong>, farine de <strong>bl\u00e9<\/strong> enrichie en fer et en acide folique, paillettes de riz \u00e0 barel, poudre de lait en poudre, <strong>ml\u00e9ko<\/strong><strong>arachides<\/strong>, poudre de lait jul\u00e9e<strong>,<\/strong> poudre de cacao alcalin, huile de mais, <strong>lactos\u00e9rum<\/strong> s\u00e9ch\u00e9<strong>,<\/strong> sel, \u00e9mulateurs de soja<strong>dyolira AC.<\/strong><\/p>\n<p><strong>Pour les personnes allergiques: contient des d\u00e9riv\u00e9s de bl\u00e9, d&rsquo;orge et de soja, de lait et de sous-produits. <\/strong><\/p>\n<p><strong>AU PALAIS SUCRE<\/strong> est votre destination pour des bonbons, confiseries, boissons, chips et produits du monde pour les particuliers, les associations et les entreprises. Nous offrons un choix vari\u00e9 de produits de qualit\u00e9 sup\u00e9rieure pour satisfaire tous les go\u00fbts et les besoins.<\/p>\n<p>Nous sommes fiers d\u2019offrir \u00e0 nos clients un service hors pair. Nous nous engageons \u00e0 pr\u00e9parer et exp\u00e9dier les commandes dans les 24h\/48h suivant l\u2019achat, pour une livraison rapide et fiable. De plus, notre \u00e9quipe de service clients est toujours disponible pour r\u00e9pondre \u00e0 vos questions et vous aider \u00e0 trouver le produit id\u00e9al pour vos besoins.<\/p>\n<p>Chez AU PALAIS SUCRE, nous sommes passionn\u00e9s par les bonbons et les confiseries, et nous sommes d\u00e9termin\u00e9s \u00e0 offrir \u00e0 nos clients une exp\u00e9rience de magasinage en ligne agr\u00e9able et sans stress. Nous sommes votre guichet unique pour tous vos besoins en sucreries et en produits du monde, et nous sommes impatients de vous servir d\u00e8s maintenant !<\/p>\n<p>&nbsp;<\/p>\n","protected":false},"excerpt":{"rendered":"<h1>Hershey&rsquo;s Choco Tubes chocolat blanc fruits rouges. USA<\/h1>\n<p>D\u00e9couvrez \u00ab\u00a0Hershey&rsquo;s Choco Tubes Chocolat Blanc Fruits Rouges\u00a0\u00bb, une alliance parfaite de chocolat blanc cr\u00e9meux et de fruits rouges savoureux. Fabriqu\u00e9 aux USA avec des ingr\u00e9dients de qualit\u00e9 sup\u00e9rieure, ce d\u00e9lice gourmand offre une exp\u00e9rience gustative unique et irr\u00e9sistible. Pl\u00e9biscit\u00e9 par les amateurs de chocolat du monde entier, ce succ\u00e8s iconique incarne l\u2019excellence et l\u2019innovation Hershey&rsquo;s. Id\u00e9al pour vos pauses sucr\u00e9es ou pour partager des moments de plaisir. Offrez-vous la perfection chocolat\u00e9e : commandez d\u00e8s aujourd\u2019hui !<\/p>\n<p><strong>Tous nos produits b\u00e9n\u00e9ficient d\u2019une DDM de plusieurs mois.<\/strong><br \/>\n<strong>DDM = Date de Durabilit\u00e9 Minimale, anciennement DLUO.<\/strong><\/p>\n","protected":false},"featured_media":5108,"comment_status":"open","ping_status":"closed","template":"","meta":{"ocean_post_layout":"","ocean_both_sidebars_style":"","ocean_both_sidebars_content_width":0,"ocean_both_sidebars_sidebars_width":0,"ocean_sidebar":"0","ocean_second_sidebar":"0","ocean_disable_margins":"enable","ocean_add_body_class":"","ocean_shortcode_before_top_bar":"","ocean_shortcode_after_top_bar":"","ocean_shortcode_before_header":"","ocean_shortcode_after_header":"","ocean_has_shortcode":"","ocean_shortcode_after_title":"","ocean_shortcode_before_footer_widgets":"","ocean_shortcode_after_footer_widgets":"","ocean_shortcode_before_footer_bottom":"","ocean_shortcode_after_footer_bottom":"","ocean_display_top_bar":"default","ocean_display_header":"default","ocean_header_style":"","ocean_center_header_left_menu":"0","ocean_custom_header_template":"0","ocean_custom_logo":0,"ocean_custom_retina_logo":0,"ocean_custom_logo_max_width":0,"ocean_custom_logo_tablet_max_width":0,"ocean_custom_logo_mobile_max_width":0,"ocean_custom_logo_max_height":0,"ocean_custom_logo_tablet_max_height":0,"ocean_custom_logo_mobile_max_height":0,"ocean_header_custom_menu":"0","ocean_menu_typo_font_family":"0","ocean_menu_typo_font_subset":"","ocean_menu_typo_font_size":0,"ocean_menu_typo_font_size_tablet":0,"ocean_menu_typo_font_size_mobile":0,"ocean_menu_typo_font_size_unit":"px","ocean_menu_typo_font_weight":"","ocean_menu_typo_font_weight_tablet":"","ocean_menu_typo_font_weight_mobile":"","ocean_menu_typo_transform":"","ocean_menu_typo_transform_tablet":"","ocean_menu_typo_transform_mobile":"","ocean_menu_typo_line_height":0,"ocean_menu_typo_line_height_tablet":0,"ocean_menu_typo_line_height_mobile":0,"ocean_menu_typo_line_height_unit":"","ocean_menu_typo_spacing":0,"ocean_menu_typo_spacing_tablet":0,"ocean_menu_typo_spacing_mobile":0,"ocean_menu_typo_spacing_unit":"","ocean_menu_link_color":"","ocean_menu_link_color_hover":"","ocean_menu_link_color_active":"","ocean_menu_link_background":"","ocean_menu_link_hover_background":"","ocean_menu_link_active_background":"","ocean_menu_social_links_bg":"","ocean_menu_social_hover_links_bg":"","ocean_menu_social_links_color":"","ocean_menu_social_hover_links_color":"","ocean_disable_title":"default","ocean_disable_heading":"default","ocean_post_title":"","ocean_post_subheading":"","ocean_post_title_style":"","ocean_post_title_background_color":"","ocean_post_title_background":0,"ocean_post_title_bg_image_position":"","ocean_post_title_bg_image_attachment":"","ocean_post_title_bg_image_repeat":"","ocean_post_title_bg_image_size":"","ocean_post_title_height":0,"ocean_post_title_bg_overlay":0.5,"ocean_post_title_bg_overlay_color":"","ocean_disable_breadcrumbs":"default","ocean_breadcrumbs_color":"","ocean_breadcrumbs_separator_color":"","ocean_breadcrumbs_links_color":"","ocean_breadcrumbs_links_hover_color":"","ocean_display_footer_widgets":"default","ocean_display_footer_bottom":"default","ocean_custom_footer_template":"0"},"product_brand":[],"product_cat":[108,88,52],"product_tag":[],"class_list":{"0":"post-5106","1":"product","2":"type-product","3":"status-publish","4":"has-post-thumbnail","6":"product_cat-anti-gaspi","7":"product_cat-gateaux","8":"product_cat-usa","10":"entry","11":"has-media","13":"first","14":"outofstock","15":"sale","16":"shipping-taxable","17":"purchasable","18":"product-type-simple","19":"has-product-nav","20":"col","21":"span_1_of_3","22":"owp-content-center","23":"owp-thumbs-layout-horizontal","24":"owp-btn-normal","25":"owp-tabs-layout-horizontal","26":"has-no-thumbnails"},"yoast_head":"<!-- This site is optimized with the Yoast SEO plugin v24.3 - https:\/\/yoast.com\/wordpress\/plugins\/seo\/ -->\n<title>Hershey&#039;s Choco Tubes chocolat blanc fruits rouges. USA - Au Palais Sucr\u00e9<\/title>\n<meta name=\"description\" content=\"Savourez &quot;Hershey&#039;s Choco Tubes Chocolat Blanc Fruits Rouges&quot; : un m\u00e9lange irr\u00e9sistible de chocolat blanc cr\u00e9meux et de fruits rouges gourmands. Fabriqu\u00e9 aux USA avec des ingr\u00e9dients de qualit\u00e9. Commandez d\u00e8s maintenant !\" \/>\n<meta name=\"robots\" content=\"index, follow, max-snippet:-1, max-image-preview:large, max-video-preview:-1\" \/>\n<link rel=\"canonical\" href=\"https:\/\/www.au-palais-sucre.com\/index.php\/produit\/hersheys-choco-tubes-chocolat-blanc-fruits-rouges-usa\/\" \/>\n<meta property=\"og:locale\" content=\"fr_FR\" \/>\n<meta property=\"og:type\" content=\"article\" \/>\n<meta property=\"og:title\" content=\"Hershey&#039;s Choco Tubes chocolat blanc fruits rouges. USA - Au Palais Sucr\u00e9\" \/>\n<meta property=\"og:description\" content=\"Savourez &quot;Hershey&#039;s Choco Tubes Chocolat Blanc Fruits Rouges&quot; : un m\u00e9lange irr\u00e9sistible de chocolat blanc cr\u00e9meux et de fruits rouges gourmands. Fabriqu\u00e9 aux USA avec des ingr\u00e9dients de qualit\u00e9. Commandez d\u00e8s maintenant !\" \/>\n<meta property=\"og:url\" content=\"https:\/\/www.au-palais-sucre.com\/index.php\/produit\/hersheys-choco-tubes-chocolat-blanc-fruits-rouges-usa\/\" \/>\n<meta property=\"og:site_name\" content=\"Au Palais Sucr\u00e9\" \/>\n<meta property=\"article:publisher\" content=\"https:\/\/www.facebook.com\/people\/Au-Palais-Sucr\/pfbid0xHg32QqsqJkkArCjoHQ6aaknwKMjtXgSnFxn2J3iXRfcnKZoBnYZT1GMsdL8xcPUl\/\" \/>\n<meta property=\"article:modified_time\" content=\"2025-07-23T14:14:15+00:00\" \/>\n<meta property=\"og:image\" content=\"https:\/\/www.au-palais-sucre.com\/wp-content\/uploads\/2024\/12\/52162_2024-new-96.webp\" \/>\n\t<meta property=\"og:image:width\" content=\"1024\" \/>\n\t<meta property=\"og:image:height\" content=\"768\" \/>\n\t<meta property=\"og:image:type\" content=\"image\/webp\" \/>\n<meta name=\"twitter:card\" content=\"summary_large_image\" \/>\n<meta name=\"twitter:label1\" content=\"Prix\" \/>\n\t<meta name=\"twitter:data1\" content=\"1,90&nbsp;&euro;\" \/>\n\t<meta name=\"twitter:label2\" content=\"Disponibilit\u00e9\" \/>\n\t<meta name=\"twitter:data2\" content=\"Rupture de stock\" \/>\n<script type=\"application\/ld+json\" class=\"yoast-schema-graph\">{\"@context\":\"https:\/\/schema.org\",\"@graph\":[{\"@type\":\"WebPage\",\"@id\":\"https:\/\/www.au-palais-sucre.com\/index.php\/produit\/hersheys-choco-tubes-chocolat-blanc-fruits-rouges-usa\/\",\"url\":\"https:\/\/www.au-palais-sucre.com\/index.php\/produit\/hersheys-choco-tubes-chocolat-blanc-fruits-rouges-usa\/\",\"name\":\"Hershey's Choco Tubes chocolat blanc fruits rouges. USA - Au Palais Sucr\u00e9\",\"isPartOf\":{\"@id\":\"https:\/\/www.au-palais-sucre.com\/#website\"},\"primaryImageOfPage\":{\"@id\":\"https:\/\/www.au-palais-sucre.com\/index.php\/produit\/hersheys-choco-tubes-chocolat-blanc-fruits-rouges-usa\/#primaryimage\"},\"image\":{\"@id\":\"https:\/\/www.au-palais-sucre.com\/index.php\/produit\/hersheys-choco-tubes-chocolat-blanc-fruits-rouges-usa\/#primaryimage\"},\"thumbnailUrl\":\"https:\/\/www.au-palais-sucre.com\/wp-content\/uploads\/2024\/12\/52162_2024-new-96.webp\",\"datePublished\":\"2024-12-18T00:19:58+00:00\",\"dateModified\":\"2025-07-23T14:14:15+00:00\",\"description\":\"Savourez \\\"Hershey's Choco Tubes Chocolat Blanc Fruits Rouges\\\" : un m\u00e9lange irr\u00e9sistible de chocolat blanc cr\u00e9meux et de fruits rouges gourmands. Fabriqu\u00e9 aux USA avec des ingr\u00e9dients de qualit\u00e9. Commandez d\u00e8s maintenant !\",\"breadcrumb\":{\"@id\":\"https:\/\/www.au-palais-sucre.com\/index.php\/produit\/hersheys-choco-tubes-chocolat-blanc-fruits-rouges-usa\/#breadcrumb\"},\"inLanguage\":\"fr-FR\",\"potentialAction\":[{\"@type\":\"ReadAction\",\"target\":[\"https:\/\/www.au-palais-sucre.com\/index.php\/produit\/hersheys-choco-tubes-chocolat-blanc-fruits-rouges-usa\/\"]}]},{\"@type\":\"ImageObject\",\"inLanguage\":\"fr-FR\",\"@id\":\"https:\/\/www.au-palais-sucre.com\/index.php\/produit\/hersheys-choco-tubes-chocolat-blanc-fruits-rouges-usa\/#primaryimage\",\"url\":\"https:\/\/www.au-palais-sucre.com\/wp-content\/uploads\/2024\/12\/52162_2024-new-96.webp\",\"contentUrl\":\"https:\/\/www.au-palais-sucre.com\/wp-content\/uploads\/2024\/12\/52162_2024-new-96.webp\",\"width\":1024,\"height\":768},{\"@type\":\"BreadcrumbList\",\"@id\":\"https:\/\/www.au-palais-sucre.com\/index.php\/produit\/hersheys-choco-tubes-chocolat-blanc-fruits-rouges-usa\/#breadcrumb\",\"itemListElement\":[{\"@type\":\"ListItem\",\"position\":1,\"name\":\"Boutique\",\"item\":\"https:\/\/www.au-palais-sucre.com\/index.php\/shop\/\"},{\"@type\":\"ListItem\",\"position\":2,\"name\":\"Hershey&#8217;s Choco Tubes chocolat blanc fruits rouges. USA\"}]},{\"@type\":\"WebSite\",\"@id\":\"https:\/\/www.au-palais-sucre.com\/#website\",\"url\":\"https:\/\/www.au-palais-sucre.com\/\",\"name\":\"Au Palais Sucr\u00e9\",\"description\":\"Arrivage permanent de nouveaux produits..\",\"publisher\":{\"@id\":\"https:\/\/www.au-palais-sucre.com\/#organization\"},\"potentialAction\":[{\"@type\":\"SearchAction\",\"target\":{\"@type\":\"EntryPoint\",\"urlTemplate\":\"https:\/\/www.au-palais-sucre.com\/?s={search_term_string}\"},\"query-input\":{\"@type\":\"PropertyValueSpecification\",\"valueRequired\":true,\"valueName\":\"search_term_string\"}}],\"inLanguage\":\"fr-FR\"},{\"@type\":\"Organization\",\"@id\":\"https:\/\/www.au-palais-sucre.com\/#organization\",\"name\":\"Au Palais Sucr\u00e9\",\"url\":\"https:\/\/www.au-palais-sucre.com\/\",\"logo\":{\"@type\":\"ImageObject\",\"inLanguage\":\"fr-FR\",\"@id\":\"https:\/\/www.au-palais-sucre.com\/#\/schema\/logo\/image\/\",\"url\":\"https:\/\/www.au-palais-sucre.com\/wp-content\/uploads\/2023\/06\/cropped-Logo-blanc_prev_ui.png\",\"contentUrl\":\"https:\/\/www.au-palais-sucre.com\/wp-content\/uploads\/2023\/06\/cropped-Logo-blanc_prev_ui.png\",\"width\":567,\"height\":440,\"caption\":\"Au Palais Sucr\u00e9\"},\"image\":{\"@id\":\"https:\/\/www.au-palais-sucre.com\/#\/schema\/logo\/image\/\"},\"sameAs\":[\"https:\/\/www.facebook.com\/people\/Au-Palais-Sucr\/pfbid0xHg32QqsqJkkArCjoHQ6aaknwKMjtXgSnFxn2J3iXRfcnKZoBnYZT1GMsdL8xcPUl\/\"]}]}<\/script>\n<meta property=\"product:price:amount\" content=\"1.90\" \/>\n<meta property=\"product:price:currency\" content=\"EUR\" \/>\n<meta property=\"og:availability\" content=\"out of stock\" \/>\n<meta property=\"product:availability\" content=\"out of stock\" \/>\n<meta property=\"product:retailer_item_id\" content=\"ASPGAT80\" \/>\n<meta property=\"product:condition\" content=\"new\" \/>\n<!-- \/ Yoast SEO plugin. -->","yoast_head_json":{"title":"Hershey's Choco Tubes chocolat blanc fruits rouges. USA - Au Palais Sucr\u00e9","description":"Savourez \"Hershey's Choco Tubes Chocolat Blanc Fruits Rouges\" : un m\u00e9lange irr\u00e9sistible de chocolat blanc cr\u00e9meux et de fruits rouges gourmands. Fabriqu\u00e9 aux USA avec des ingr\u00e9dients de qualit\u00e9. Commandez d\u00e8s maintenant !","robots":{"index":"index","follow":"follow","max-snippet":"max-snippet:-1","max-image-preview":"max-image-preview:large","max-video-preview":"max-video-preview:-1"},"canonical":"https:\/\/www.au-palais-sucre.com\/index.php\/produit\/hersheys-choco-tubes-chocolat-blanc-fruits-rouges-usa\/","og_locale":"fr_FR","og_type":"article","og_title":"Hershey's Choco Tubes chocolat blanc fruits rouges. USA - Au Palais Sucr\u00e9","og_description":"Savourez \"Hershey's Choco Tubes Chocolat Blanc Fruits Rouges\" : un m\u00e9lange irr\u00e9sistible de chocolat blanc cr\u00e9meux et de fruits rouges gourmands. Fabriqu\u00e9 aux USA avec des ingr\u00e9dients de qualit\u00e9. Commandez d\u00e8s maintenant !","og_url":"https:\/\/www.au-palais-sucre.com\/index.php\/produit\/hersheys-choco-tubes-chocolat-blanc-fruits-rouges-usa\/","og_site_name":"Au Palais Sucr\u00e9","article_publisher":"https:\/\/www.facebook.com\/people\/Au-Palais-Sucr\/pfbid0xHg32QqsqJkkArCjoHQ6aaknwKMjtXgSnFxn2J3iXRfcnKZoBnYZT1GMsdL8xcPUl\/","article_modified_time":"2025-07-23T14:14:15+00:00","og_image":[{"width":1024,"height":768,"url":"https:\/\/www.au-palais-sucre.com\/wp-content\/uploads\/2024\/12\/52162_2024-new-96.webp","type":"image\/webp"}],"twitter_card":"summary_large_image","twitter_misc":{"Prix":"1,90&nbsp;&euro;","Disponibilit\u00e9":"Rupture de stock"},"schema":{"@context":"https:\/\/schema.org","@graph":[{"@type":"WebPage","@id":"https:\/\/www.au-palais-sucre.com\/index.php\/produit\/hersheys-choco-tubes-chocolat-blanc-fruits-rouges-usa\/","url":"https:\/\/www.au-palais-sucre.com\/index.php\/produit\/hersheys-choco-tubes-chocolat-blanc-fruits-rouges-usa\/","name":"Hershey's Choco Tubes chocolat blanc fruits rouges. USA - Au Palais Sucr\u00e9","isPartOf":{"@id":"https:\/\/www.au-palais-sucre.com\/#website"},"primaryImageOfPage":{"@id":"https:\/\/www.au-palais-sucre.com\/index.php\/produit\/hersheys-choco-tubes-chocolat-blanc-fruits-rouges-usa\/#primaryimage"},"image":{"@id":"https:\/\/www.au-palais-sucre.com\/index.php\/produit\/hersheys-choco-tubes-chocolat-blanc-fruits-rouges-usa\/#primaryimage"},"thumbnailUrl":"https:\/\/www.au-palais-sucre.com\/wp-content\/uploads\/2024\/12\/52162_2024-new-96.webp","datePublished":"2024-12-18T00:19:58+00:00","dateModified":"2025-07-23T14:14:15+00:00","description":"Savourez \"Hershey's Choco Tubes Chocolat Blanc Fruits Rouges\" : un m\u00e9lange irr\u00e9sistible de chocolat blanc cr\u00e9meux et de fruits rouges gourmands. Fabriqu\u00e9 aux USA avec des ingr\u00e9dients de qualit\u00e9. Commandez d\u00e8s maintenant !","breadcrumb":{"@id":"https:\/\/www.au-palais-sucre.com\/index.php\/produit\/hersheys-choco-tubes-chocolat-blanc-fruits-rouges-usa\/#breadcrumb"},"inLanguage":"fr-FR","potentialAction":[{"@type":"ReadAction","target":["https:\/\/www.au-palais-sucre.com\/index.php\/produit\/hersheys-choco-tubes-chocolat-blanc-fruits-rouges-usa\/"]}]},{"@type":"ImageObject","inLanguage":"fr-FR","@id":"https:\/\/www.au-palais-sucre.com\/index.php\/produit\/hersheys-choco-tubes-chocolat-blanc-fruits-rouges-usa\/#primaryimage","url":"https:\/\/www.au-palais-sucre.com\/wp-content\/uploads\/2024\/12\/52162_2024-new-96.webp","contentUrl":"https:\/\/www.au-palais-sucre.com\/wp-content\/uploads\/2024\/12\/52162_2024-new-96.webp","width":1024,"height":768},{"@type":"BreadcrumbList","@id":"https:\/\/www.au-palais-sucre.com\/index.php\/produit\/hersheys-choco-tubes-chocolat-blanc-fruits-rouges-usa\/#breadcrumb","itemListElement":[{"@type":"ListItem","position":1,"name":"Boutique","item":"https:\/\/www.au-palais-sucre.com\/index.php\/shop\/"},{"@type":"ListItem","position":2,"name":"Hershey&#8217;s Choco Tubes chocolat blanc fruits rouges. USA"}]},{"@type":"WebSite","@id":"https:\/\/www.au-palais-sucre.com\/#website","url":"https:\/\/www.au-palais-sucre.com\/","name":"Au Palais Sucr\u00e9","description":"Arrivage permanent de nouveaux produits..","publisher":{"@id":"https:\/\/www.au-palais-sucre.com\/#organization"},"potentialAction":[{"@type":"SearchAction","target":{"@type":"EntryPoint","urlTemplate":"https:\/\/www.au-palais-sucre.com\/?s={search_term_string}"},"query-input":{"@type":"PropertyValueSpecification","valueRequired":true,"valueName":"search_term_string"}}],"inLanguage":"fr-FR"},{"@type":"Organization","@id":"https:\/\/www.au-palais-sucre.com\/#organization","name":"Au Palais Sucr\u00e9","url":"https:\/\/www.au-palais-sucre.com\/","logo":{"@type":"ImageObject","inLanguage":"fr-FR","@id":"https:\/\/www.au-palais-sucre.com\/#\/schema\/logo\/image\/","url":"https:\/\/www.au-palais-sucre.com\/wp-content\/uploads\/2023\/06\/cropped-Logo-blanc_prev_ui.png","contentUrl":"https:\/\/www.au-palais-sucre.com\/wp-content\/uploads\/2023\/06\/cropped-Logo-blanc_prev_ui.png","width":567,"height":440,"caption":"Au Palais Sucr\u00e9"},"image":{"@id":"https:\/\/www.au-palais-sucre.com\/#\/schema\/logo\/image\/"},"sameAs":["https:\/\/www.facebook.com\/people\/Au-Palais-Sucr\/pfbid0xHg32QqsqJkkArCjoHQ6aaknwKMjtXgSnFxn2J3iXRfcnKZoBnYZT1GMsdL8xcPUl\/"]}]},"product_price_amount":"1.90","product_price_currency":"EUR","og_availability":"out of stock","product_availability":"out of stock","product_retailer_item_id":"ASPGAT80","product_condition":"new"},"_links":{"self":[{"href":"https:\/\/www.au-palais-sucre.com\/index.php\/wp-json\/wp\/v2\/product\/5106","targetHints":{"allow":["GET"]}}],"collection":[{"href":"https:\/\/www.au-palais-sucre.com\/index.php\/wp-json\/wp\/v2\/product"}],"about":[{"href":"https:\/\/www.au-palais-sucre.com\/index.php\/wp-json\/wp\/v2\/types\/product"}],"replies":[{"embeddable":true,"href":"https:\/\/www.au-palais-sucre.com\/index.php\/wp-json\/wp\/v2\/comments?post=5106"}],"version-history":[{"count":1,"href":"https:\/\/www.au-palais-sucre.com\/index.php\/wp-json\/wp\/v2\/product\/5106\/revisions"}],"predecessor-version":[{"id":5783,"href":"https:\/\/www.au-palais-sucre.com\/index.php\/wp-json\/wp\/v2\/product\/5106\/revisions\/5783"}],"wp:featuredmedia":[{"embeddable":true,"href":"https:\/\/www.au-palais-sucre.com\/index.php\/wp-json\/wp\/v2\/media\/5108"}],"wp:attachment":[{"href":"https:\/\/www.au-palais-sucre.com\/index.php\/wp-json\/wp\/v2\/media?parent=5106"}],"wp:term":[{"taxonomy":"product_brand","embeddable":true,"href":"https:\/\/www.au-palais-sucre.com\/index.php\/wp-json\/wp\/v2\/product_brand?post=5106"},{"taxonomy":"product_cat","embeddable":true,"href":"https:\/\/www.au-palais-sucre.com\/index.php\/wp-json\/wp\/v2\/product_cat?post=5106"},{"taxonomy":"product_tag","embeddable":true,"href":"https:\/\/www.au-palais-sucre.com\/index.php\/wp-json\/wp\/v2\/product_tag?post=5106"}],"curies":[{"name":"wp","href":"https:\/\/api.w.org\/{rel}","templated":true}]}}