{"id":5857,"date":"2025-04-07T12:29:15","date_gmt":"2025-04-07T10:29:15","guid":{"rendered":"https:\/\/www.au-palais-sucre.com\/?post_type=product&#038;p=5857"},"modified":"2025-11-06T14:32:32","modified_gmt":"2025-11-06T13:32:32","slug":"tablette-de-dubai-bueno","status":"publish","type":"product","link":"https:\/\/www.au-palais-sucre.com\/index.php\/produit\/tablette-de-dubai-bueno\/","title":{"rendered":"Tablette de Dubai BUENO"},"content":{"rendered":"<h1>Tablette de Dubai BUENO<\/h1>\n<p>\u00ab\u00a0Succombez \u00e0 la gourmandise de la Tablette de Duba\u00ef BUENO, une cr\u00e9ation chocolat\u00e9e luxueuse inspir\u00e9e du c\u00e9l\u00e8bre go\u00fbt de Kinder Bueno. Fabriqu\u00e9e avec des ingr\u00e9dients premium, cette tablette au c\u0153ur fondant de noisette et chocolat lait s\u00e9duit par sa texture onctueuse et son go\u00fbt raffin\u00e9. Id\u00e9ale pour les amateurs de chocolat haut de gamme, la tablette BUENO version Duba\u00ef est un plaisir sucr\u00e9 incontournable. Offrez-vous une exp\u00e9rience chocolat unique venue directement de Duba\u00ef !\u00a0\u00bb<\/p>\n<p><strong>Tous nos produits b\u00e9n\u00e9ficient d\u2019une DDM de plusieurs mois.<\/strong><br \/>\n<strong>DDM = Date de Durabilit\u00e9 Minimale, anciennement DLUO.<\/strong><\/p>\n<p>DLC : 12\/12\/2025<\/p>\n<h3>Ingr\u00e9dients de Tablette de Dubai BUENO<\/h3>\n<ul>\n<li class=\"\" data-start=\"295\" data-end=\"306\">\n<p class=\"\" data-start=\"297\" data-end=\"306\"><strong data-start=\"297\" data-end=\"306\">Sucre<\/strong><\/p>\n<\/li>\n<li class=\"\" data-start=\"328\" data-end=\"349\">\n<p class=\"\" data-start=\"330\" data-end=\"349\"><strong data-start=\"330\" data-end=\"349\">Beurre de cacao<\/strong><\/p>\n<\/li>\n<li class=\"\" data-start=\"350\" data-end=\"395\">\n<p class=\"\" data-start=\"352\" data-end=\"395\"><strong data-start=\"352\" data-end=\"395\">Lait entier en poudre (produit laitier)<\/strong><\/p>\n<\/li>\n<li class=\"\" data-start=\"396\" data-end=\"436\">\n<p class=\"\" data-start=\"398\" data-end=\"436\"><strong data-start=\"398\" data-end=\"415\">Kada\u00eff (7,5%)<\/strong> (farine de bl\u00e9, eau)<\/p>\n<\/li>\n<li class=\"\" data-start=\"437\" data-end=\"456\">\n<p class=\"\" data-start=\"439\" data-end=\"456\"><strong data-start=\"439\" data-end=\"456\">P\u00e2te de cacao<\/strong><\/p>\n<\/li>\n<li class=\"\" data-start=\"457\" data-end=\"476\">\n<p class=\"\" data-start=\"459\" data-end=\"476\"><strong data-start=\"459\" data-end=\"476\">Beurre nature<\/strong><\/p>\n<\/li>\n<li class=\"\" data-start=\"477\" data-end=\"505\">\n<p class=\"\" data-start=\"479\" data-end=\"505\"><strong data-start=\"479\" data-end=\"505\">Huile v\u00e9g\u00e9tale<br \/>\n<\/strong><\/p>\n<\/li>\n<li class=\"\" data-start=\"506\" data-end=\"563\">\n<p class=\"\" data-start=\"508\" data-end=\"563\"><strong data-start=\"508\" data-end=\"563\">Lactos\u00e9rum d\u00e9min\u00e9ralis\u00e9 en poudre (produit laitier)<\/strong><\/p>\n<\/li>\n<li class=\"\" data-start=\"564\" data-end=\"627\">\n<p class=\"\" data-start=\"566\" data-end=\"627\"><strong data-start=\"566\" data-end=\"582\">\u00c9mulsifiants<\/strong> (l\u00e9cithine de tournesol \/ l\u00e9cithine de soja)<\/p>\n<\/li>\n<li class=\"\" data-start=\"628\" data-end=\"675\">\n<p class=\"\" data-start=\"630\" data-end=\"675\"><strong data-start=\"630\" data-end=\"643\">Colorants<\/strong> (extrait de spiruline, lut\u00e9ine)<\/p>\n<\/li>\n<li class=\"\" data-start=\"676\" data-end=\"707\">\n<p class=\"\" data-start=\"678\" data-end=\"707\"><strong data-start=\"678\" data-end=\"687\">Ar\u00f4me<\/strong> (vanille naturelle)<\/p>\n<\/li>\n<\/ul>\n<p><strong>AU PALAIS SUCRE<\/strong> est votre destination pour des bonbons, confiseries, boissons, chips et produits du monde pour les particuliers, les associations et les entreprises. Nous offrons un choix vari\u00e9 de produits de qualit\u00e9 sup\u00e9rieure pour satisfaire tous les go\u00fbts et les besoins.<\/p>\n<p>Nous sommes fiers d\u2019offrir \u00e0 nos clients un service hors pair. Nous nous engageons \u00e0 pr\u00e9parer et exp\u00e9dier les commandes dans les 24h\/48h suivant l\u2019achat, pour une livraison rapide et fiable. De plus, notre \u00e9quipe de service clients est toujours disponible pour r\u00e9pondre \u00e0 vos questions et vous aider \u00e0 trouver le produit id\u00e9al pour vos besoins.<\/p>\n<p>Chez AU PALAIS SUCRE, nous sommes passionn\u00e9s par les bonbons et les confiseries, et nous sommes d\u00e9termin\u00e9s \u00e0 offrir \u00e0 nos clients une exp\u00e9rience de magasinage en ligne agr\u00e9able et sans stress. Nous sommes votre guichet unique pour tous vos besoins en sucreries et en produits du monde, et nous sommes impatients de vous servir d\u00e8s maintenant !<\/p>\n","protected":false},"excerpt":{"rendered":"<h1>Tablette de Dubai BUENO<\/h1>\n<p>\u00ab\u00a0Succombez \u00e0 la gourmandise de la Tablette de Duba\u00ef BUENO, une cr\u00e9ation chocolat\u00e9e luxueuse inspir\u00e9e du c\u00e9l\u00e8bre go\u00fbt de Kinder Bueno. Fabriqu\u00e9e avec des ingr\u00e9dients premium, cette tablette au c\u0153ur fondant de noisette et chocolat lait s\u00e9duit par sa texture onctueuse et son go\u00fbt raffin\u00e9. Id\u00e9ale pour les amateurs de chocolat haut de gamme, la tablette BUENO version Duba\u00ef est un plaisir sucr\u00e9 incontournable. Offrez-vous une exp\u00e9rience chocolat unique venue directement de Duba\u00ef !\u00a0\u00bb<\/p>\n<p><strong>Tous nos produits b\u00e9n\u00e9ficient d\u2019une DDM de plusieurs mois.<\/strong><br \/>\n<strong>DDM = Date de Durabilit\u00e9 Minimale, anciennement DLUO.<\/strong><\/p>\n","protected":false},"featured_media":5858,"comment_status":"open","ping_status":"closed","template":"","meta":{"ocean_post_layout":"","ocean_both_sidebars_style":"","ocean_both_sidebars_content_width":0,"ocean_both_sidebars_sidebars_width":0,"ocean_sidebar":"0","ocean_second_sidebar":"0","ocean_disable_margins":"enable","ocean_add_body_class":"","ocean_shortcode_before_top_bar":"","ocean_shortcode_after_top_bar":"","ocean_shortcode_before_header":"","ocean_shortcode_after_header":"","ocean_has_shortcode":"","ocean_shortcode_after_title":"","ocean_shortcode_before_footer_widgets":"","ocean_shortcode_after_footer_widgets":"","ocean_shortcode_before_footer_bottom":"","ocean_shortcode_after_footer_bottom":"","ocean_display_top_bar":"default","ocean_display_header":"default","ocean_header_style":"","ocean_center_header_left_menu":"0","ocean_custom_header_template":"0","ocean_custom_logo":0,"ocean_custom_retina_logo":0,"ocean_custom_logo_max_width":0,"ocean_custom_logo_tablet_max_width":0,"ocean_custom_logo_mobile_max_width":0,"ocean_custom_logo_max_height":0,"ocean_custom_logo_tablet_max_height":0,"ocean_custom_logo_mobile_max_height":0,"ocean_header_custom_menu":"0","ocean_menu_typo_font_family":"0","ocean_menu_typo_font_subset":"","ocean_menu_typo_font_size":0,"ocean_menu_typo_font_size_tablet":0,"ocean_menu_typo_font_size_mobile":0,"ocean_menu_typo_font_size_unit":"px","ocean_menu_typo_font_weight":"","ocean_menu_typo_font_weight_tablet":"","ocean_menu_typo_font_weight_mobile":"","ocean_menu_typo_transform":"","ocean_menu_typo_transform_tablet":"","ocean_menu_typo_transform_mobile":"","ocean_menu_typo_line_height":0,"ocean_menu_typo_line_height_tablet":0,"ocean_menu_typo_line_height_mobile":0,"ocean_menu_typo_line_height_unit":"","ocean_menu_typo_spacing":0,"ocean_menu_typo_spacing_tablet":0,"ocean_menu_typo_spacing_mobile":0,"ocean_menu_typo_spacing_unit":"","ocean_menu_link_color":"","ocean_menu_link_color_hover":"","ocean_menu_link_color_active":"","ocean_menu_link_background":"","ocean_menu_link_hover_background":"","ocean_menu_link_active_background":"","ocean_menu_social_links_bg":"","ocean_menu_social_hover_links_bg":"","ocean_menu_social_links_color":"","ocean_menu_social_hover_links_color":"","ocean_disable_title":"default","ocean_disable_heading":"default","ocean_post_title":"","ocean_post_subheading":"","ocean_post_title_style":"","ocean_post_title_background_color":"","ocean_post_title_background":0,"ocean_post_title_bg_image_position":"","ocean_post_title_bg_image_attachment":"","ocean_post_title_bg_image_repeat":"","ocean_post_title_bg_image_size":"","ocean_post_title_height":0,"ocean_post_title_bg_overlay":0.5,"ocean_post_title_bg_overlay_color":"","ocean_disable_breadcrumbs":"default","ocean_breadcrumbs_color":"","ocean_breadcrumbs_separator_color":"","ocean_breadcrumbs_links_color":"","ocean_breadcrumbs_links_hover_color":"","ocean_display_footer_widgets":"default","ocean_display_footer_bottom":"default","ocean_custom_footer_template":"0"},"product_brand":[],"product_cat":[64,88,47],"product_tag":[],"class_list":{"0":"post-5857","1":"product","2":"type-product","3":"status-publish","4":"has-post-thumbnail","6":"product_cat-dubai","7":"product_cat-gateaux","8":"product_cat-bonbons-halal","10":"entry","11":"has-media","13":"first","14":"instock","15":"featured","16":"shipping-taxable","17":"purchasable","18":"product-type-simple","19":"has-product-nav","20":"col","21":"span_1_of_3","22":"owp-content-center","23":"owp-thumbs-layout-horizontal","24":"owp-btn-normal","25":"owp-tabs-layout-horizontal","26":"has-no-thumbnails"},"yoast_head":"<!-- This site is optimized with the Yoast SEO plugin v24.3 - https:\/\/yoast.com\/wordpress\/plugins\/seo\/ -->\n<title>Tablette de Dubai BUENO - Au Palais Sucr\u00e9<\/title>\n<meta name=\"description\" content=\"&quot;Craquez pour la Tablette de Duba\u00ef BUENO, une gourmandise premium au c\u0153ur fondant de noisette inspir\u00e9e du c\u00e9l\u00e8bre Kinder Bueno. Un chocolat de luxe venu de Duba\u00ef, parfait pour les amateurs de douceurs raffin\u00e9es et originales.&quot;\" \/>\n<meta name=\"robots\" content=\"index, follow, max-snippet:-1, max-image-preview:large, max-video-preview:-1\" \/>\n<link rel=\"canonical\" href=\"https:\/\/www.au-palais-sucre.com\/index.php\/produit\/tablette-de-dubai-bueno\/\" \/>\n<meta property=\"og:locale\" content=\"fr_FR\" \/>\n<meta property=\"og:type\" content=\"article\" \/>\n<meta property=\"og:title\" content=\"Tablette de Dubai BUENO - Au Palais Sucr\u00e9\" \/>\n<meta property=\"og:description\" content=\"&quot;Craquez pour la Tablette de Duba\u00ef BUENO, une gourmandise premium au c\u0153ur fondant de noisette inspir\u00e9e du c\u00e9l\u00e8bre Kinder Bueno. Un chocolat de luxe venu de Duba\u00ef, parfait pour les amateurs de douceurs raffin\u00e9es et originales.&quot;\" \/>\n<meta property=\"og:url\" content=\"https:\/\/www.au-palais-sucre.com\/index.php\/produit\/tablette-de-dubai-bueno\/\" \/>\n<meta property=\"og:site_name\" content=\"Au Palais Sucr\u00e9\" \/>\n<meta property=\"article:publisher\" content=\"https:\/\/www.facebook.com\/people\/Au-Palais-Sucr\/pfbid0xHg32QqsqJkkArCjoHQ6aaknwKMjtXgSnFxn2J3iXRfcnKZoBnYZT1GMsdL8xcPUl\/\" \/>\n<meta property=\"article:modified_time\" content=\"2025-11-06T13:32:32+00:00\" \/>\n<meta property=\"og:image\" content=\"https:\/\/www.au-palais-sucre.com\/wp-content\/uploads\/2025\/04\/IMG_9088.webp\" \/>\n\t<meta property=\"og:image:width\" content=\"800\" \/>\n\t<meta property=\"og:image:height\" content=\"800\" \/>\n\t<meta property=\"og:image:type\" content=\"image\/webp\" \/>\n<meta name=\"twitter:card\" content=\"summary_large_image\" \/>\n<meta name=\"twitter:label1\" content=\"Prix\" \/>\n\t<meta name=\"twitter:data1\" content=\"11,90&nbsp;&euro;\" \/>\n\t<meta name=\"twitter:label2\" content=\"Disponibilit\u00e9\" \/>\n\t<meta name=\"twitter:data2\" content=\"En stock\" \/>\n<script type=\"application\/ld+json\" class=\"yoast-schema-graph\">{\"@context\":\"https:\/\/schema.org\",\"@graph\":[{\"@type\":\"WebPage\",\"@id\":\"https:\/\/www.au-palais-sucre.com\/index.php\/produit\/tablette-de-dubai-bueno\/\",\"url\":\"https:\/\/www.au-palais-sucre.com\/index.php\/produit\/tablette-de-dubai-bueno\/\",\"name\":\"Tablette de Dubai BUENO - Au Palais Sucr\u00e9\",\"isPartOf\":{\"@id\":\"https:\/\/www.au-palais-sucre.com\/#website\"},\"primaryImageOfPage\":{\"@id\":\"https:\/\/www.au-palais-sucre.com\/index.php\/produit\/tablette-de-dubai-bueno\/#primaryimage\"},\"image\":{\"@id\":\"https:\/\/www.au-palais-sucre.com\/index.php\/produit\/tablette-de-dubai-bueno\/#primaryimage\"},\"thumbnailUrl\":\"https:\/\/www.au-palais-sucre.com\/wp-content\/uploads\/2025\/04\/IMG_9088.webp\",\"datePublished\":\"2025-04-07T10:29:15+00:00\",\"dateModified\":\"2025-11-06T13:32:32+00:00\",\"description\":\"\\\"Craquez pour la Tablette de Duba\u00ef BUENO, une gourmandise premium au c\u0153ur fondant de noisette inspir\u00e9e du c\u00e9l\u00e8bre Kinder Bueno. Un chocolat de luxe venu de Duba\u00ef, parfait pour les amateurs de douceurs raffin\u00e9es et originales.\\\"\",\"breadcrumb\":{\"@id\":\"https:\/\/www.au-palais-sucre.com\/index.php\/produit\/tablette-de-dubai-bueno\/#breadcrumb\"},\"inLanguage\":\"fr-FR\",\"potentialAction\":[{\"@type\":\"ReadAction\",\"target\":[\"https:\/\/www.au-palais-sucre.com\/index.php\/produit\/tablette-de-dubai-bueno\/\"]}]},{\"@type\":\"ImageObject\",\"inLanguage\":\"fr-FR\",\"@id\":\"https:\/\/www.au-palais-sucre.com\/index.php\/produit\/tablette-de-dubai-bueno\/#primaryimage\",\"url\":\"https:\/\/www.au-palais-sucre.com\/wp-content\/uploads\/2025\/04\/IMG_9088.webp\",\"contentUrl\":\"https:\/\/www.au-palais-sucre.com\/wp-content\/uploads\/2025\/04\/IMG_9088.webp\",\"width\":800,\"height\":800},{\"@type\":\"BreadcrumbList\",\"@id\":\"https:\/\/www.au-palais-sucre.com\/index.php\/produit\/tablette-de-dubai-bueno\/#breadcrumb\",\"itemListElement\":[{\"@type\":\"ListItem\",\"position\":1,\"name\":\"Boutique\",\"item\":\"https:\/\/www.au-palais-sucre.com\/index.php\/shop\/\"},{\"@type\":\"ListItem\",\"position\":2,\"name\":\"Tablette de Dubai BUENO\"}]},{\"@type\":\"WebSite\",\"@id\":\"https:\/\/www.au-palais-sucre.com\/#website\",\"url\":\"https:\/\/www.au-palais-sucre.com\/\",\"name\":\"Au Palais Sucr\u00e9\",\"description\":\"Arrivage permanent de nouveaux produits..\",\"publisher\":{\"@id\":\"https:\/\/www.au-palais-sucre.com\/#organization\"},\"potentialAction\":[{\"@type\":\"SearchAction\",\"target\":{\"@type\":\"EntryPoint\",\"urlTemplate\":\"https:\/\/www.au-palais-sucre.com\/?s={search_term_string}\"},\"query-input\":{\"@type\":\"PropertyValueSpecification\",\"valueRequired\":true,\"valueName\":\"search_term_string\"}}],\"inLanguage\":\"fr-FR\"},{\"@type\":\"Organization\",\"@id\":\"https:\/\/www.au-palais-sucre.com\/#organization\",\"name\":\"Au Palais Sucr\u00e9\",\"url\":\"https:\/\/www.au-palais-sucre.com\/\",\"logo\":{\"@type\":\"ImageObject\",\"inLanguage\":\"fr-FR\",\"@id\":\"https:\/\/www.au-palais-sucre.com\/#\/schema\/logo\/image\/\",\"url\":\"https:\/\/www.au-palais-sucre.com\/wp-content\/uploads\/2023\/06\/cropped-Logo-blanc_prev_ui.png\",\"contentUrl\":\"https:\/\/www.au-palais-sucre.com\/wp-content\/uploads\/2023\/06\/cropped-Logo-blanc_prev_ui.png\",\"width\":567,\"height\":440,\"caption\":\"Au Palais Sucr\u00e9\"},\"image\":{\"@id\":\"https:\/\/www.au-palais-sucre.com\/#\/schema\/logo\/image\/\"},\"sameAs\":[\"https:\/\/www.facebook.com\/people\/Au-Palais-Sucr\/pfbid0xHg32QqsqJkkArCjoHQ6aaknwKMjtXgSnFxn2J3iXRfcnKZoBnYZT1GMsdL8xcPUl\/\"]}]}<\/script>\n<meta property=\"product:price:amount\" content=\"11.90\" \/>\n<meta property=\"product:price:currency\" content=\"EUR\" \/>\n<meta property=\"og:availability\" content=\"instock\" \/>\n<meta property=\"product:availability\" content=\"instock\" \/>\n<meta property=\"product:retailer_item_id\" content=\"ASPGAT85\" \/>\n<meta property=\"product:condition\" content=\"new\" \/>\n<!-- \/ Yoast SEO plugin. -->","yoast_head_json":{"title":"Tablette de Dubai BUENO - Au Palais Sucr\u00e9","description":"\"Craquez pour la Tablette de Duba\u00ef BUENO, une gourmandise premium au c\u0153ur fondant de noisette inspir\u00e9e du c\u00e9l\u00e8bre Kinder Bueno. Un chocolat de luxe venu de Duba\u00ef, parfait pour les amateurs de douceurs raffin\u00e9es et originales.\"","robots":{"index":"index","follow":"follow","max-snippet":"max-snippet:-1","max-image-preview":"max-image-preview:large","max-video-preview":"max-video-preview:-1"},"canonical":"https:\/\/www.au-palais-sucre.com\/index.php\/produit\/tablette-de-dubai-bueno\/","og_locale":"fr_FR","og_type":"article","og_title":"Tablette de Dubai BUENO - Au Palais Sucr\u00e9","og_description":"\"Craquez pour la Tablette de Duba\u00ef BUENO, une gourmandise premium au c\u0153ur fondant de noisette inspir\u00e9e du c\u00e9l\u00e8bre Kinder Bueno. Un chocolat de luxe venu de Duba\u00ef, parfait pour les amateurs de douceurs raffin\u00e9es et originales.\"","og_url":"https:\/\/www.au-palais-sucre.com\/index.php\/produit\/tablette-de-dubai-bueno\/","og_site_name":"Au Palais Sucr\u00e9","article_publisher":"https:\/\/www.facebook.com\/people\/Au-Palais-Sucr\/pfbid0xHg32QqsqJkkArCjoHQ6aaknwKMjtXgSnFxn2J3iXRfcnKZoBnYZT1GMsdL8xcPUl\/","article_modified_time":"2025-11-06T13:32:32+00:00","og_image":[{"width":800,"height":800,"url":"https:\/\/www.au-palais-sucre.com\/wp-content\/uploads\/2025\/04\/IMG_9088.webp","type":"image\/webp"}],"twitter_card":"summary_large_image","twitter_misc":{"Prix":"11,90&nbsp;&euro;","Disponibilit\u00e9":"En stock"},"schema":{"@context":"https:\/\/schema.org","@graph":[{"@type":"WebPage","@id":"https:\/\/www.au-palais-sucre.com\/index.php\/produit\/tablette-de-dubai-bueno\/","url":"https:\/\/www.au-palais-sucre.com\/index.php\/produit\/tablette-de-dubai-bueno\/","name":"Tablette de Dubai BUENO - Au Palais Sucr\u00e9","isPartOf":{"@id":"https:\/\/www.au-palais-sucre.com\/#website"},"primaryImageOfPage":{"@id":"https:\/\/www.au-palais-sucre.com\/index.php\/produit\/tablette-de-dubai-bueno\/#primaryimage"},"image":{"@id":"https:\/\/www.au-palais-sucre.com\/index.php\/produit\/tablette-de-dubai-bueno\/#primaryimage"},"thumbnailUrl":"https:\/\/www.au-palais-sucre.com\/wp-content\/uploads\/2025\/04\/IMG_9088.webp","datePublished":"2025-04-07T10:29:15+00:00","dateModified":"2025-11-06T13:32:32+00:00","description":"\"Craquez pour la Tablette de Duba\u00ef BUENO, une gourmandise premium au c\u0153ur fondant de noisette inspir\u00e9e du c\u00e9l\u00e8bre Kinder Bueno. Un chocolat de luxe venu de Duba\u00ef, parfait pour les amateurs de douceurs raffin\u00e9es et originales.\"","breadcrumb":{"@id":"https:\/\/www.au-palais-sucre.com\/index.php\/produit\/tablette-de-dubai-bueno\/#breadcrumb"},"inLanguage":"fr-FR","potentialAction":[{"@type":"ReadAction","target":["https:\/\/www.au-palais-sucre.com\/index.php\/produit\/tablette-de-dubai-bueno\/"]}]},{"@type":"ImageObject","inLanguage":"fr-FR","@id":"https:\/\/www.au-palais-sucre.com\/index.php\/produit\/tablette-de-dubai-bueno\/#primaryimage","url":"https:\/\/www.au-palais-sucre.com\/wp-content\/uploads\/2025\/04\/IMG_9088.webp","contentUrl":"https:\/\/www.au-palais-sucre.com\/wp-content\/uploads\/2025\/04\/IMG_9088.webp","width":800,"height":800},{"@type":"BreadcrumbList","@id":"https:\/\/www.au-palais-sucre.com\/index.php\/produit\/tablette-de-dubai-bueno\/#breadcrumb","itemListElement":[{"@type":"ListItem","position":1,"name":"Boutique","item":"https:\/\/www.au-palais-sucre.com\/index.php\/shop\/"},{"@type":"ListItem","position":2,"name":"Tablette de Dubai BUENO"}]},{"@type":"WebSite","@id":"https:\/\/www.au-palais-sucre.com\/#website","url":"https:\/\/www.au-palais-sucre.com\/","name":"Au Palais Sucr\u00e9","description":"Arrivage permanent de nouveaux produits..","publisher":{"@id":"https:\/\/www.au-palais-sucre.com\/#organization"},"potentialAction":[{"@type":"SearchAction","target":{"@type":"EntryPoint","urlTemplate":"https:\/\/www.au-palais-sucre.com\/?s={search_term_string}"},"query-input":{"@type":"PropertyValueSpecification","valueRequired":true,"valueName":"search_term_string"}}],"inLanguage":"fr-FR"},{"@type":"Organization","@id":"https:\/\/www.au-palais-sucre.com\/#organization","name":"Au Palais Sucr\u00e9","url":"https:\/\/www.au-palais-sucre.com\/","logo":{"@type":"ImageObject","inLanguage":"fr-FR","@id":"https:\/\/www.au-palais-sucre.com\/#\/schema\/logo\/image\/","url":"https:\/\/www.au-palais-sucre.com\/wp-content\/uploads\/2023\/06\/cropped-Logo-blanc_prev_ui.png","contentUrl":"https:\/\/www.au-palais-sucre.com\/wp-content\/uploads\/2023\/06\/cropped-Logo-blanc_prev_ui.png","width":567,"height":440,"caption":"Au Palais Sucr\u00e9"},"image":{"@id":"https:\/\/www.au-palais-sucre.com\/#\/schema\/logo\/image\/"},"sameAs":["https:\/\/www.facebook.com\/people\/Au-Palais-Sucr\/pfbid0xHg32QqsqJkkArCjoHQ6aaknwKMjtXgSnFxn2J3iXRfcnKZoBnYZT1GMsdL8xcPUl\/"]}]},"product_price_amount":"11.90","product_price_currency":"EUR","og_availability":"instock","product_availability":"instock","product_retailer_item_id":"ASPGAT85","product_condition":"new"},"_links":{"self":[{"href":"https:\/\/www.au-palais-sucre.com\/index.php\/wp-json\/wp\/v2\/product\/5857","targetHints":{"allow":["GET"]}}],"collection":[{"href":"https:\/\/www.au-palais-sucre.com\/index.php\/wp-json\/wp\/v2\/product"}],"about":[{"href":"https:\/\/www.au-palais-sucre.com\/index.php\/wp-json\/wp\/v2\/types\/product"}],"replies":[{"embeddable":true,"href":"https:\/\/www.au-palais-sucre.com\/index.php\/wp-json\/wp\/v2\/comments?post=5857"}],"version-history":[{"count":2,"href":"https:\/\/www.au-palais-sucre.com\/index.php\/wp-json\/wp\/v2\/product\/5857\/revisions"}],"predecessor-version":[{"id":6182,"href":"https:\/\/www.au-palais-sucre.com\/index.php\/wp-json\/wp\/v2\/product\/5857\/revisions\/6182"}],"wp:featuredmedia":[{"embeddable":true,"href":"https:\/\/www.au-palais-sucre.com\/index.php\/wp-json\/wp\/v2\/media\/5858"}],"wp:attachment":[{"href":"https:\/\/www.au-palais-sucre.com\/index.php\/wp-json\/wp\/v2\/media?parent=5857"}],"wp:term":[{"taxonomy":"product_brand","embeddable":true,"href":"https:\/\/www.au-palais-sucre.com\/index.php\/wp-json\/wp\/v2\/product_brand?post=5857"},{"taxonomy":"product_cat","embeddable":true,"href":"https:\/\/www.au-palais-sucre.com\/index.php\/wp-json\/wp\/v2\/product_cat?post=5857"},{"taxonomy":"product_tag","embeddable":true,"href":"https:\/\/www.au-palais-sucre.com\/index.php\/wp-json\/wp\/v2\/product_tag?post=5857"}],"curies":[{"name":"wp","href":"https:\/\/api.w.org\/{rel}","templated":true}]}}