{"id":5891,"date":"2025-04-10T19:49:07","date_gmt":"2025-04-10T17:49:07","guid":{"rendered":"https:\/\/www.au-palais-sucre.com\/?post_type=product&#038;p=5891"},"modified":"2025-07-22T17:42:56","modified_gmt":"2025-07-22T15:42:56","slug":"squid-game-strips-salty-toys-snacks","status":"publish","type":"product","link":"https:\/\/www.au-palais-sucre.com\/index.php\/produit\/squid-game-strips-salty-toys-snacks\/","title":{"rendered":"Squid Game Strips Salty &#038; Toy&rsquo;s, Snacks"},"content":{"rendered":"<h1>Squid Game Strips Salty &amp; Toy&rsquo;s, Snacks<\/h1>\n<p>\u00ab\u00a0Squid Game Strips Salty &amp; Toy&rsquo;s Snacks est une collation originale inspir\u00e9e de la c\u00e9l\u00e8bre s\u00e9rie, alliant des bandes savoureuses et sal\u00e9es \u00e0 une exp\u00e9rience ludique. Chaque paquet propose une combinaison parfaite de saveurs sal\u00e9es et d&rsquo;un c\u00f4t\u00e9 amusant gr\u00e2ce aux jouets inclus. Parfait pour les fans de Squid Game et les amateurs de snacks uniques, cette gourmandise apportera une touche originale \u00e0 vos moments de d\u00e9tente. D\u00e9couvrez Squid Game Strips Salty &amp; Toy&rsquo;s Snacks, l\u2019alliance parfaite de plaisir gustatif et de divertissement.\u00a0\u00bb<\/p>\n<p><strong>Tous nos produits b\u00e9n\u00e9ficient d\u2019une DDM de plusieurs mois.<\/strong><br \/>\n<strong>DDM = Date de Durabilit\u00e9 Minimale, anciennement DLUO.<\/strong><\/p>\n<p>DLC 25\/11\/2025<\/p>\n<h3>Ingr\u00e9dients<\/h3>\n<p>(FI) Pailles de pommes de terre. Pommes de terre s\u00e9ch\u00e9es (<strong>suluffites<\/strong>), f\u00e9cule de pomme de terre (<strong>sulfites<\/strong>), huile de tournesol, sel, chlorure de potassium, extraits v\u00e9g\u00e9taux (squamous). <strong>Peut contenir du gluten, des arachides et des noix.<\/strong><\/p>\n<p><strong>Le produit contient un jouet. Ne convient pas aux enfants de moins de 3 ans. Il contient de petites parties. Risque de hachage. Convient aux enfants de plus de 8 ans, mais les enfants de moins de 8 ans doivent utiliser le produit sous surveillance pour adultes. R\u00c9ALISATION FINANCIERE DE LA VIE VIE DES PERSONNES D&rsquo;AL\u00c9L\u00c9RIEUVE. NON Mange. Ne vous engloutissez pas ou ne mettez pas dans votre bouche. Le produit a \u00e9t\u00e9 test\u00e9 et certifi\u00e9. IMPORTANT Lavez-vous les mains apr\u00e8s avoir jou\u00e9. Ne pas placer sur les cheveux, les surfaces poreuses, les tu\u00e9s, les textiles ou les murs, car le produit peut laisser des taches.<\/strong><\/p>\n<p><b>Valeurs nutritionnelles pour 100 g<br \/>\n<\/b>\u00c9nergie\/Energi: 2171 kJ\/520 kcal<br \/>\nFat\/Fett: 30 g dont l&rsquo;obturation satur\u00e9e\/repr\u00e9sente: 2,6 g<br \/>\nCarbohydrates\/classe: dont 58 g dont sucre\/forte pancarte: 3,3 g<br \/>\nProt\u00e9ines\/Prot\u00e9ines: 3,5 g<br \/>\nSalon\/Sel: 2,9g<br \/>\nFibre\/fibre: 2 g<\/p>\n<h4><strong>Les services AU PALAIS SUCRE<\/strong><\/h4>\n<p><strong>Nous sommes est un site de vente de bonbons, confiseries, boissons, chips et produits du monde,\u00a0 pour les particuliers, les associations et les entreprises.<\/strong><\/p>\n<p><strong>AU PALAIS SUCRE\u00a0 apporte \u00e9galement un vrai service , une livraison rapide et fiable, une pr\u00e9paration des commandes dans les 24h\/48h et un service clients joignable.<\/strong><\/p>\n<p><strong>AU PALAIS SUCRE est votre destination pour des bonbons, confiseries, boissons, chips et produits du monde pour les particuliers, les associations et les entreprises. Nous offrons un choix vari\u00e9 de produits de qualit\u00e9 sup\u00e9rieure pour satisfaire tous les go\u00fbts et les besoins.<\/strong><\/p>\n<p><strong>Nous sommes fiers d\u2019offrir \u00e0 nos clients un service hors pair. Nous nous engageons \u00e0 pr\u00e9parer et exp\u00e9dier les commandes dans les 24h\/48h suivant l\u2019achat, pour une livraison rapide et fiable. De plus, notre \u00e9quipe de service clients est toujours disponible pour r\u00e9pondre \u00e0 vos questions et vous aider \u00e0 trouver le produit id\u00e9al pour vos besoins.<\/strong><\/p>\n<p><strong>Chez AU PALAIS SUCRE, nous sommes passionn\u00e9s par les bonbons et les confiseries, et nous sommes d\u00e9termin\u00e9s \u00e0 offrir \u00e0 nos clients une exp\u00e9rience de magasinage en ligne agr\u00e9able et sans stress. Nous sommes votre guichet unique pour tous vos besoins en sucreries et en produits du monde, et nous sommes impatients de vous servir d\u00e8s maintenant !<\/strong><\/p>\n<p>&nbsp;<\/p>\n<p>&nbsp;<\/p>\n<p>&nbsp;<\/p>\n","protected":false},"excerpt":{"rendered":"<h1>Squid Game Strips Salty &amp; Toy&rsquo;s, Snacks<\/h1>\n<p>\u00ab\u00a0Squid Game Strips Salty &amp; Toy&rsquo;s Snacks est une collation originale inspir\u00e9e de la c\u00e9l\u00e8bre s\u00e9rie, alliant des bandes savoureuses et sal\u00e9es \u00e0 une exp\u00e9rience ludique. Chaque paquet propose une combinaison parfaite de saveurs sal\u00e9es et d&rsquo;un c\u00f4t\u00e9 amusant gr\u00e2ce aux jouets inclus. Parfait pour les fans de Squid Game et les amateurs de snacks uniques, cette gourmandise apportera une touche originale \u00e0 vos moments de d\u00e9tente. D\u00e9couvrez Squid Game Strips Salty &amp; Toy&rsquo;s Snacks, l\u2019alliance parfaite de plaisir gustatif et de divertissement.\u00a0\u00bb<\/p>\n<p><strong>Tous nos produits b\u00e9n\u00e9ficient d\u2019une DDM de plusieurs mois.<\/strong><br \/>\n<strong>DDM = Date de Durabilit\u00e9 Minimale, anciennement DLUO.<\/strong><\/p>\n<p>DLC 25\/11\/2025<\/p>\n","protected":false},"featured_media":5894,"comment_status":"open","ping_status":"closed","template":"","meta":{"ocean_post_layout":"","ocean_both_sidebars_style":"","ocean_both_sidebars_content_width":0,"ocean_both_sidebars_sidebars_width":0,"ocean_sidebar":"0","ocean_second_sidebar":"0","ocean_disable_margins":"enable","ocean_add_body_class":"","ocean_shortcode_before_top_bar":"","ocean_shortcode_after_top_bar":"","ocean_shortcode_before_header":"","ocean_shortcode_after_header":"","ocean_has_shortcode":"","ocean_shortcode_after_title":"","ocean_shortcode_before_footer_widgets":"","ocean_shortcode_after_footer_widgets":"","ocean_shortcode_before_footer_bottom":"","ocean_shortcode_after_footer_bottom":"","ocean_display_top_bar":"default","ocean_display_header":"default","ocean_header_style":"","ocean_center_header_left_menu":"0","ocean_custom_header_template":"0","ocean_custom_logo":0,"ocean_custom_retina_logo":0,"ocean_custom_logo_max_width":0,"ocean_custom_logo_tablet_max_width":0,"ocean_custom_logo_mobile_max_width":0,"ocean_custom_logo_max_height":0,"ocean_custom_logo_tablet_max_height":0,"ocean_custom_logo_mobile_max_height":0,"ocean_header_custom_menu":"0","ocean_menu_typo_font_family":"0","ocean_menu_typo_font_subset":"","ocean_menu_typo_font_size":0,"ocean_menu_typo_font_size_tablet":0,"ocean_menu_typo_font_size_mobile":0,"ocean_menu_typo_font_size_unit":"px","ocean_menu_typo_font_weight":"","ocean_menu_typo_font_weight_tablet":"","ocean_menu_typo_font_weight_mobile":"","ocean_menu_typo_transform":"","ocean_menu_typo_transform_tablet":"","ocean_menu_typo_transform_mobile":"","ocean_menu_typo_line_height":0,"ocean_menu_typo_line_height_tablet":0,"ocean_menu_typo_line_height_mobile":0,"ocean_menu_typo_line_height_unit":"","ocean_menu_typo_spacing":0,"ocean_menu_typo_spacing_tablet":0,"ocean_menu_typo_spacing_mobile":0,"ocean_menu_typo_spacing_unit":"","ocean_menu_link_color":"","ocean_menu_link_color_hover":"","ocean_menu_link_color_active":"","ocean_menu_link_background":"","ocean_menu_link_hover_background":"","ocean_menu_link_active_background":"","ocean_menu_social_links_bg":"","ocean_menu_social_hover_links_bg":"","ocean_menu_social_links_color":"","ocean_menu_social_hover_links_color":"","ocean_disable_title":"default","ocean_disable_heading":"default","ocean_post_title":"","ocean_post_subheading":"","ocean_post_title_style":"","ocean_post_title_background_color":"","ocean_post_title_background":0,"ocean_post_title_bg_image_position":"","ocean_post_title_bg_image_attachment":"","ocean_post_title_bg_image_repeat":"","ocean_post_title_bg_image_size":"","ocean_post_title_height":0,"ocean_post_title_bg_overlay":0.5,"ocean_post_title_bg_overlay_color":"","ocean_disable_breadcrumbs":"default","ocean_breadcrumbs_color":"","ocean_breadcrumbs_separator_color":"","ocean_breadcrumbs_links_color":"","ocean_breadcrumbs_links_hover_color":"","ocean_display_footer_widgets":"default","ocean_display_footer_bottom":"default","ocean_custom_footer_template":"0"},"product_brand":[],"product_cat":[51],"product_tag":[],"class_list":{"0":"post-5891","1":"product","2":"type-product","3":"status-publish","4":"has-post-thumbnail","6":"product_cat-ships","8":"entry","9":"has-media","11":"first","12":"instock","13":"shipping-taxable","14":"purchasable","15":"product-type-simple","16":"has-product-nav","17":"col","18":"span_1_of_3","19":"owp-content-center","20":"owp-thumbs-layout-horizontal","21":"owp-btn-normal","22":"owp-tabs-layout-horizontal","23":"has-no-thumbnails"},"yoast_head":"<!-- This site is optimized with the Yoast SEO plugin v24.3 - https:\/\/yoast.com\/wordpress\/plugins\/seo\/ -->\n<title>Squid Game Strips Salty &amp; Toy&#039;s, Snacks - Au Palais Sucr\u00e9<\/title>\n<meta name=\"description\" content=\"&quot;D\u00e9couvrez Squid Game Strips Salty &amp; Toy&#039;s Snacks, une collation sal\u00e9e unique inspir\u00e9e de la s\u00e9rie culte. Savourez des bandes sal\u00e9es d\u00e9licieuses accompagn\u00e9es de jouets amusants, parfaites pour les fans de Squid Game.&quot;\" \/>\n<meta name=\"robots\" content=\"index, follow, max-snippet:-1, max-image-preview:large, max-video-preview:-1\" \/>\n<link rel=\"canonical\" href=\"https:\/\/www.au-palais-sucre.com\/index.php\/produit\/squid-game-strips-salty-toys-snacks\/\" \/>\n<meta property=\"og:locale\" content=\"fr_FR\" \/>\n<meta property=\"og:type\" content=\"article\" \/>\n<meta property=\"og:title\" content=\"Squid Game Strips Salty &amp; Toy&#039;s, Snacks - Au Palais Sucr\u00e9\" \/>\n<meta property=\"og:description\" content=\"&quot;D\u00e9couvrez Squid Game Strips Salty &amp; Toy&#039;s Snacks, une collation sal\u00e9e unique inspir\u00e9e de la s\u00e9rie culte. Savourez des bandes sal\u00e9es d\u00e9licieuses accompagn\u00e9es de jouets amusants, parfaites pour les fans de Squid Game.&quot;\" \/>\n<meta property=\"og:url\" content=\"https:\/\/www.au-palais-sucre.com\/index.php\/produit\/squid-game-strips-salty-toys-snacks\/\" \/>\n<meta property=\"og:site_name\" content=\"Au Palais Sucr\u00e9\" \/>\n<meta property=\"article:publisher\" content=\"https:\/\/www.facebook.com\/people\/Au-Palais-Sucr\/pfbid0xHg32QqsqJkkArCjoHQ6aaknwKMjtXgSnFxn2J3iXRfcnKZoBnYZT1GMsdL8xcPUl\/\" \/>\n<meta property=\"article:modified_time\" content=\"2025-07-22T15:42:56+00:00\" \/>\n<meta name=\"twitter:card\" content=\"summary_large_image\" \/>\n<meta name=\"twitter:label1\" content=\"Prix\" \/>\n\t<meta name=\"twitter:data1\" content=\"4,00&nbsp;&euro;\" \/>\n\t<meta name=\"twitter:label2\" content=\"Disponibilit\u00e9\" \/>\n\t<meta name=\"twitter:data2\" content=\"En stock\" \/>\n<script type=\"application\/ld+json\" class=\"yoast-schema-graph\">{\"@context\":\"https:\/\/schema.org\",\"@graph\":[{\"@type\":\"WebPage\",\"@id\":\"https:\/\/www.au-palais-sucre.com\/index.php\/produit\/squid-game-strips-salty-toys-snacks\/\",\"url\":\"https:\/\/www.au-palais-sucre.com\/index.php\/produit\/squid-game-strips-salty-toys-snacks\/\",\"name\":\"Squid Game Strips Salty & Toy's, Snacks - Au Palais Sucr\u00e9\",\"isPartOf\":{\"@id\":\"https:\/\/www.au-palais-sucre.com\/#website\"},\"primaryImageOfPage\":{\"@id\":\"https:\/\/www.au-palais-sucre.com\/index.php\/produit\/squid-game-strips-salty-toys-snacks\/#primaryimage\"},\"image\":{\"@id\":\"https:\/\/www.au-palais-sucre.com\/index.php\/produit\/squid-game-strips-salty-toys-snacks\/#primaryimage\"},\"thumbnailUrl\":\"https:\/\/www.au-palais-sucre.com\/wp-content\/uploads\/2025\/04\/Design-sans-titre-5-pdf.jpg\",\"datePublished\":\"2025-04-10T17:49:07+00:00\",\"dateModified\":\"2025-07-22T15:42:56+00:00\",\"description\":\"\\\"D\u00e9couvrez Squid Game Strips Salty & Toy's Snacks, une collation sal\u00e9e unique inspir\u00e9e de la s\u00e9rie culte. Savourez des bandes sal\u00e9es d\u00e9licieuses accompagn\u00e9es de jouets amusants, parfaites pour les fans de Squid Game.\\\"\",\"breadcrumb\":{\"@id\":\"https:\/\/www.au-palais-sucre.com\/index.php\/produit\/squid-game-strips-salty-toys-snacks\/#breadcrumb\"},\"inLanguage\":\"fr-FR\",\"potentialAction\":[{\"@type\":\"ReadAction\",\"target\":[\"https:\/\/www.au-palais-sucre.com\/index.php\/produit\/squid-game-strips-salty-toys-snacks\/\"]}]},{\"@type\":\"ImageObject\",\"inLanguage\":\"fr-FR\",\"@id\":\"https:\/\/www.au-palais-sucre.com\/index.php\/produit\/squid-game-strips-salty-toys-snacks\/#primaryimage\",\"url\":\"https:\/\/www.au-palais-sucre.com\/wp-content\/uploads\/2025\/04\/Design-sans-titre-5-pdf.jpg\",\"contentUrl\":\"https:\/\/www.au-palais-sucre.com\/wp-content\/uploads\/2025\/04\/Design-sans-titre-5-pdf.jpg\"},{\"@type\":\"BreadcrumbList\",\"@id\":\"https:\/\/www.au-palais-sucre.com\/index.php\/produit\/squid-game-strips-salty-toys-snacks\/#breadcrumb\",\"itemListElement\":[{\"@type\":\"ListItem\",\"position\":1,\"name\":\"Boutique\",\"item\":\"https:\/\/www.au-palais-sucre.com\/index.php\/shop\/\"},{\"@type\":\"ListItem\",\"position\":2,\"name\":\"Squid Game Strips Salty &#038; Toy&#8217;s, Snacks\"}]},{\"@type\":\"WebSite\",\"@id\":\"https:\/\/www.au-palais-sucre.com\/#website\",\"url\":\"https:\/\/www.au-palais-sucre.com\/\",\"name\":\"Au Palais Sucr\u00e9\",\"description\":\"Arrivage permanent de nouveaux produits..\",\"publisher\":{\"@id\":\"https:\/\/www.au-palais-sucre.com\/#organization\"},\"potentialAction\":[{\"@type\":\"SearchAction\",\"target\":{\"@type\":\"EntryPoint\",\"urlTemplate\":\"https:\/\/www.au-palais-sucre.com\/?s={search_term_string}\"},\"query-input\":{\"@type\":\"PropertyValueSpecification\",\"valueRequired\":true,\"valueName\":\"search_term_string\"}}],\"inLanguage\":\"fr-FR\"},{\"@type\":\"Organization\",\"@id\":\"https:\/\/www.au-palais-sucre.com\/#organization\",\"name\":\"Au Palais Sucr\u00e9\",\"url\":\"https:\/\/www.au-palais-sucre.com\/\",\"logo\":{\"@type\":\"ImageObject\",\"inLanguage\":\"fr-FR\",\"@id\":\"https:\/\/www.au-palais-sucre.com\/#\/schema\/logo\/image\/\",\"url\":\"https:\/\/www.au-palais-sucre.com\/wp-content\/uploads\/2023\/06\/cropped-Logo-blanc_prev_ui.png\",\"contentUrl\":\"https:\/\/www.au-palais-sucre.com\/wp-content\/uploads\/2023\/06\/cropped-Logo-blanc_prev_ui.png\",\"width\":567,\"height\":440,\"caption\":\"Au Palais Sucr\u00e9\"},\"image\":{\"@id\":\"https:\/\/www.au-palais-sucre.com\/#\/schema\/logo\/image\/\"},\"sameAs\":[\"https:\/\/www.facebook.com\/people\/Au-Palais-Sucr\/pfbid0xHg32QqsqJkkArCjoHQ6aaknwKMjtXgSnFxn2J3iXRfcnKZoBnYZT1GMsdL8xcPUl\/\"]}]}<\/script>\n<meta property=\"product:price:amount\" content=\"4.00\" \/>\n<meta property=\"product:price:currency\" content=\"EUR\" \/>\n<meta property=\"og:availability\" content=\"instock\" \/>\n<meta property=\"product:availability\" content=\"instock\" \/>\n<meta property=\"product:retailer_item_id\" content=\"ASPGAT93\" \/>\n<meta property=\"product:condition\" content=\"new\" \/>\n<!-- \/ Yoast SEO plugin. -->","yoast_head_json":{"title":"Squid Game Strips Salty & Toy's, Snacks - Au Palais Sucr\u00e9","description":"\"D\u00e9couvrez Squid Game Strips Salty & Toy's Snacks, une collation sal\u00e9e unique inspir\u00e9e de la s\u00e9rie culte. Savourez des bandes sal\u00e9es d\u00e9licieuses accompagn\u00e9es de jouets amusants, parfaites pour les fans de Squid Game.\"","robots":{"index":"index","follow":"follow","max-snippet":"max-snippet:-1","max-image-preview":"max-image-preview:large","max-video-preview":"max-video-preview:-1"},"canonical":"https:\/\/www.au-palais-sucre.com\/index.php\/produit\/squid-game-strips-salty-toys-snacks\/","og_locale":"fr_FR","og_type":"article","og_title":"Squid Game Strips Salty & Toy's, Snacks - Au Palais Sucr\u00e9","og_description":"\"D\u00e9couvrez Squid Game Strips Salty & Toy's Snacks, une collation sal\u00e9e unique inspir\u00e9e de la s\u00e9rie culte. Savourez des bandes sal\u00e9es d\u00e9licieuses accompagn\u00e9es de jouets amusants, parfaites pour les fans de Squid Game.\"","og_url":"https:\/\/www.au-palais-sucre.com\/index.php\/produit\/squid-game-strips-salty-toys-snacks\/","og_site_name":"Au Palais Sucr\u00e9","article_publisher":"https:\/\/www.facebook.com\/people\/Au-Palais-Sucr\/pfbid0xHg32QqsqJkkArCjoHQ6aaknwKMjtXgSnFxn2J3iXRfcnKZoBnYZT1GMsdL8xcPUl\/","article_modified_time":"2025-07-22T15:42:56+00:00","twitter_card":"summary_large_image","twitter_misc":{"Prix":"4,00&nbsp;&euro;","Disponibilit\u00e9":"En stock"},"schema":{"@context":"https:\/\/schema.org","@graph":[{"@type":"WebPage","@id":"https:\/\/www.au-palais-sucre.com\/index.php\/produit\/squid-game-strips-salty-toys-snacks\/","url":"https:\/\/www.au-palais-sucre.com\/index.php\/produit\/squid-game-strips-salty-toys-snacks\/","name":"Squid Game Strips Salty & Toy's, Snacks - Au Palais Sucr\u00e9","isPartOf":{"@id":"https:\/\/www.au-palais-sucre.com\/#website"},"primaryImageOfPage":{"@id":"https:\/\/www.au-palais-sucre.com\/index.php\/produit\/squid-game-strips-salty-toys-snacks\/#primaryimage"},"image":{"@id":"https:\/\/www.au-palais-sucre.com\/index.php\/produit\/squid-game-strips-salty-toys-snacks\/#primaryimage"},"thumbnailUrl":"https:\/\/www.au-palais-sucre.com\/wp-content\/uploads\/2025\/04\/Design-sans-titre-5-pdf.jpg","datePublished":"2025-04-10T17:49:07+00:00","dateModified":"2025-07-22T15:42:56+00:00","description":"\"D\u00e9couvrez Squid Game Strips Salty & Toy's Snacks, une collation sal\u00e9e unique inspir\u00e9e de la s\u00e9rie culte. Savourez des bandes sal\u00e9es d\u00e9licieuses accompagn\u00e9es de jouets amusants, parfaites pour les fans de Squid Game.\"","breadcrumb":{"@id":"https:\/\/www.au-palais-sucre.com\/index.php\/produit\/squid-game-strips-salty-toys-snacks\/#breadcrumb"},"inLanguage":"fr-FR","potentialAction":[{"@type":"ReadAction","target":["https:\/\/www.au-palais-sucre.com\/index.php\/produit\/squid-game-strips-salty-toys-snacks\/"]}]},{"@type":"ImageObject","inLanguage":"fr-FR","@id":"https:\/\/www.au-palais-sucre.com\/index.php\/produit\/squid-game-strips-salty-toys-snacks\/#primaryimage","url":"https:\/\/www.au-palais-sucre.com\/wp-content\/uploads\/2025\/04\/Design-sans-titre-5-pdf.jpg","contentUrl":"https:\/\/www.au-palais-sucre.com\/wp-content\/uploads\/2025\/04\/Design-sans-titre-5-pdf.jpg"},{"@type":"BreadcrumbList","@id":"https:\/\/www.au-palais-sucre.com\/index.php\/produit\/squid-game-strips-salty-toys-snacks\/#breadcrumb","itemListElement":[{"@type":"ListItem","position":1,"name":"Boutique","item":"https:\/\/www.au-palais-sucre.com\/index.php\/shop\/"},{"@type":"ListItem","position":2,"name":"Squid Game Strips Salty &#038; Toy&#8217;s, Snacks"}]},{"@type":"WebSite","@id":"https:\/\/www.au-palais-sucre.com\/#website","url":"https:\/\/www.au-palais-sucre.com\/","name":"Au Palais Sucr\u00e9","description":"Arrivage permanent de nouveaux produits..","publisher":{"@id":"https:\/\/www.au-palais-sucre.com\/#organization"},"potentialAction":[{"@type":"SearchAction","target":{"@type":"EntryPoint","urlTemplate":"https:\/\/www.au-palais-sucre.com\/?s={search_term_string}"},"query-input":{"@type":"PropertyValueSpecification","valueRequired":true,"valueName":"search_term_string"}}],"inLanguage":"fr-FR"},{"@type":"Organization","@id":"https:\/\/www.au-palais-sucre.com\/#organization","name":"Au Palais Sucr\u00e9","url":"https:\/\/www.au-palais-sucre.com\/","logo":{"@type":"ImageObject","inLanguage":"fr-FR","@id":"https:\/\/www.au-palais-sucre.com\/#\/schema\/logo\/image\/","url":"https:\/\/www.au-palais-sucre.com\/wp-content\/uploads\/2023\/06\/cropped-Logo-blanc_prev_ui.png","contentUrl":"https:\/\/www.au-palais-sucre.com\/wp-content\/uploads\/2023\/06\/cropped-Logo-blanc_prev_ui.png","width":567,"height":440,"caption":"Au Palais Sucr\u00e9"},"image":{"@id":"https:\/\/www.au-palais-sucre.com\/#\/schema\/logo\/image\/"},"sameAs":["https:\/\/www.facebook.com\/people\/Au-Palais-Sucr\/pfbid0xHg32QqsqJkkArCjoHQ6aaknwKMjtXgSnFxn2J3iXRfcnKZoBnYZT1GMsdL8xcPUl\/"]}]},"product_price_amount":"4.00","product_price_currency":"EUR","og_availability":"instock","product_availability":"instock","product_retailer_item_id":"ASPGAT93","product_condition":"new"},"_links":{"self":[{"href":"https:\/\/www.au-palais-sucre.com\/index.php\/wp-json\/wp\/v2\/product\/5891","targetHints":{"allow":["GET"]}}],"collection":[{"href":"https:\/\/www.au-palais-sucre.com\/index.php\/wp-json\/wp\/v2\/product"}],"about":[{"href":"https:\/\/www.au-palais-sucre.com\/index.php\/wp-json\/wp\/v2\/types\/product"}],"replies":[{"embeddable":true,"href":"https:\/\/www.au-palais-sucre.com\/index.php\/wp-json\/wp\/v2\/comments?post=5891"}],"version-history":[{"count":1,"href":"https:\/\/www.au-palais-sucre.com\/index.php\/wp-json\/wp\/v2\/product\/5891\/revisions"}],"predecessor-version":[{"id":5895,"href":"https:\/\/www.au-palais-sucre.com\/index.php\/wp-json\/wp\/v2\/product\/5891\/revisions\/5895"}],"wp:featuredmedia":[{"embeddable":true,"href":"https:\/\/www.au-palais-sucre.com\/index.php\/wp-json\/wp\/v2\/media\/5894"}],"wp:attachment":[{"href":"https:\/\/www.au-palais-sucre.com\/index.php\/wp-json\/wp\/v2\/media?parent=5891"}],"wp:term":[{"taxonomy":"product_brand","embeddable":true,"href":"https:\/\/www.au-palais-sucre.com\/index.php\/wp-json\/wp\/v2\/product_brand?post=5891"},{"taxonomy":"product_cat","embeddable":true,"href":"https:\/\/www.au-palais-sucre.com\/index.php\/wp-json\/wp\/v2\/product_cat?post=5891"},{"taxonomy":"product_tag","embeddable":true,"href":"https:\/\/www.au-palais-sucre.com\/index.php\/wp-json\/wp\/v2\/product_tag?post=5891"}],"curies":[{"name":"wp","href":"https:\/\/api.w.org\/{rel}","templated":true}]}}